{"id":12108,"date":"2026-03-02T11:10:17","date_gmt":"2026-03-02T16:10:17","guid":{"rendered":"https:\/\/accefyn.com\/microsites\/nodos\/astroco\/?page_id=12108"},"modified":"2026-03-02T14:26:50","modified_gmt":"2026-03-02T19:26:50","slug":"noticias-astroco","status":"publish","type":"page","link":"https:\/\/accefyn.com\/microsites\/nodos\/astroco\/noticias-astroco\/","title":{"rendered":"Primera Edici\u00f3n del Premio AstroCO al Mejor Trabajo Estudiantil 2025"},"content":{"rendered":"\t\t<div data-elementor-type=\"wp-page\" data-elementor-id=\"12108\" class=\"elementor elementor-12108\">\n\t\t\t\t\t\t<section class=\"elementor-section elementor-top-section elementor-element elementor-element-bc83380 elementor-section-boxed elementor-section-height-default elementor-section-height-default\" data-id=\"bc83380\" data-element_type=\"section\" data-e-type=\"section\">\n\t\t\t\t\t\t<div class=\"elementor-container elementor-column-gap-default\">\n\t\t\t\t\t<div class=\"elementor-column elementor-col-100 elementor-top-column elementor-element elementor-element-aeb1759\" data-id=\"aeb1759\" data-element_type=\"column\" data-e-type=\"column\">\n\t\t\t<div class=\"elementor-widget-wrap elementor-element-populated\">\n\t\t\t\t\t\t<div class=\"elementor-element elementor-element-f1d0be2 elementor-widget elementor-widget-text-editor\" data-id=\"f1d0be2\" data-element_type=\"widget\" data-e-type=\"widget\" data-widget_type=\"text-editor.default\">\n\t\t\t\t<div class=\"elementor-widget-container\">\n\t\t\t\t\t\t\t\t\t<h1 style=\"text-align: center;\"><span style=\"color: #000000;\">Primer Edici\u00f3n del Premio AstroCO al Mejor Trabajo Estudiantil 2025<\/span><\/h1>\t\t\t\t\t\t\t\t<\/div>\n\t\t\t\t<\/div>\n\t\t\t\t\t<\/div>\n\t\t<\/div>\n\t\t\t\t\t<\/div>\n\t\t<\/section>\n\t\t\t\t<section class=\"elementor-section elementor-top-section elementor-element elementor-element-5ed39b46 elementor-section-boxed elementor-section-height-default elementor-section-height-default\" data-id=\"5ed39b46\" data-element_type=\"section\" data-e-type=\"section\">\n\t\t\t\t\t\t<div class=\"elementor-container elementor-column-gap-default\">\n\t\t\t\t\t<div class=\"elementor-column elementor-col-100 elementor-top-column elementor-element elementor-element-261cbbdb\" data-id=\"261cbbdb\" data-element_type=\"column\" data-e-type=\"column\">\n\t\t\t<div class=\"elementor-widget-wrap elementor-element-populated\">\n\t\t\t\t\t\t<div class=\"elementor-element elementor-element-6f651031 elementor-widget elementor-widget-text-editor\" data-id=\"6f651031\" data-element_type=\"widget\" data-e-type=\"widget\" data-widget_type=\"text-editor.default\">\n\t\t\t\t<div class=\"elementor-widget-container\">\n\t\t\t\t\t\t\t\t\t<figure class=\"wp-block-image size-large\"><span style=\"color: #000000;\"><img fetchpriority=\"high\" decoding=\"async\" width=\"1024\" height=\"531\" class=\"wp-image-12109 aligncenter\" src=\"https:\/\/accefyn.com\/microsites\/nodos\/astroco\/wp-content\/uploads\/2026\/03\/IMG_1743-1024x531.jpg\" alt=\"\" srcset=\"https:\/\/accefyn.com\/microsites\/nodos\/astroco\/wp-content\/uploads\/2026\/03\/IMG_1743-1024x531.jpg 1024w, https:\/\/accefyn.com\/microsites\/nodos\/astroco\/wp-content\/uploads\/2026\/03\/IMG_1743-300x156.jpg 300w, https:\/\/accefyn.com\/microsites\/nodos\/astroco\/wp-content\/uploads\/2026\/03\/IMG_1743-768x398.jpg 768w, https:\/\/accefyn.com\/microsites\/nodos\/astroco\/wp-content\/uploads\/2026\/03\/IMG_1743-1536x796.jpg 1536w, https:\/\/accefyn.com\/microsites\/nodos\/astroco\/wp-content\/uploads\/2026\/03\/IMG_1743-2048x1062.jpg 2048w\" sizes=\"(max-width: 1024px) 100vw, 1024px\" \/><\/span><\/figure>\n<p><span style=\"color: #000000;\"><!-- \/wp:image --><!-- wp:post-title \/--><!-- wp:paragraph --><\/span><\/p>\n<p id=\"p-rc_9247e7cba9b5e321-111\"><span style=\"color: #000000;\"><b data-path-to-node=\"4,0\" data-index-in-node=\"0\"><span class=\"citation-201\">Colombia, 2 de marzo de 2026<\/span><\/b><span class=\"citation-201\"> \u2014 La Comunidad Colombiana de Astronom\u00eda y Astrof\u00edsica (AstroCO) comparte con orgullo los resultados de la <\/span><b data-path-to-node=\"4,0\" data-index-in-node=\"135\"><span class=\"citation-201\">Primera Edici\u00f3n del Premio AstroCO al Mejor Trabajo Estudiantil 2025<\/span><\/b>. Tras la ceremonia de premiaci\u00f3n celebrada el pasado <b data-path-to-node=\"4,2\" data-index-in-node=\"54\">19 de diciembre de 2025<\/b>, destacamos el talento y la dedicaci\u00f3n de los estudiantes que est\u00e1n liderando el futuro de la ciencia en nuestro pa\u00eds.<\/span><\/p>\n<p><span style=\"color: #000000;\"><!-- \/wp:paragraph --><!-- wp:heading {\"level\":4} --><\/span><\/p>\n<h3 data-path-to-node=\"5\"><span style=\"color: #000000;\">Un reconocimiento a la calidad investigativa<\/span><\/h3>\n<p data-path-to-node=\"6\"><span style=\"color: #000000;\"><span class=\"citation-200\">La selecci\u00f3n de los ganadores fue el resultado de una deliberaci\u00f3n exhaustiva por parte de un jurado compuesto por expertos de alto nivel<\/span>:<\/span><\/p>\n<ul data-path-to-node=\"7\">\n<li>\n<p data-path-to-node=\"7,0,0\"><span style=\"color: #000000;\">Dra. <span class=\"citation-199\">Maria Gracia Batista <\/span><\/span><\/p>\n<\/li>\n<li>\n<p data-path-to-node=\"7,1,0\"><span style=\"color: #000000;\">Dra. <span class=\"citation-198\">Lauren Flor <\/span><\/span><\/p>\n<\/li>\n<li>\n<p data-path-to-node=\"7,2,0\"><span style=\"color: #000000;\">Dr. <span class=\"citation-197\">Nicol\u00e1s Garavito <\/span><\/span><\/p>\n<\/li>\n<\/ul>\n<p id=\"p-rc_e9d7dcd443995485-124\" data-path-to-node=\"8\"><span style=\"color: #000000;\"><span class=\"citation-196\">El panel evalu\u00f3 10 postulaciones bajo criterios de originalidad, relevancia cient\u00edfica y calidad en la comunicaci\u00f3n<\/span>.<\/span><\/p>\n<p><span style=\"color: #000000;\"><!-- \/wp:paragraph --><!-- wp:separator --><\/span><\/p>\n<h4 class=\"wp-block-heading\"><span style=\"color: #000000;\">Cuadro de Honor: Ganadores 2025<\/span><\/h4>\n<p><span style=\"color: #000000;\"><!-- \/wp:heading --><!-- wp:table --><\/span><\/p>\n<figure class=\"wp-block-table\">\n<table class=\"has-fixed-layout\">\n<tbody>\n<tr>\n<td><span style=\"color: #000000;\"><strong>Categor\u00eda<\/strong><\/span><\/td>\n<td><span style=\"color: #000000;\"><strong>Ganador (a)<\/strong><\/span><\/td>\n<td><span style=\"color: #000000;\"><strong>Instituci\u00f3n<\/strong><\/span><\/td>\n<td><span style=\"color: #000000;\"><strong>Trabajo Destacado<\/strong><\/span><\/td>\n<\/tr>\n<tr>\n<td><span style=\"color: #000000;\">Doctorado<\/span><\/td>\n<td><strong><span style=\"color: #000000;\">Jeison Alfonso<\/span><\/strong><\/td>\n<td><span style=\"color: #000000;\">Universidad de los Andes<\/span><\/td>\n<td><span style=\"color: #000000;\"><em>\u00abOpen cluster dynamics\u00bb<\/em><\/span><\/td>\n<\/tr>\n<tr>\n<td><span style=\"color: #000000;\">Maestr\u00eda<\/span><\/td>\n<td><span style=\"color: #000000;\"><strong>Juan Esteban Agudelo Ortiz<\/strong><\/span><\/td>\n<td><span style=\"color: #000000;\">Universidad Nacional de Colombia<\/span><\/td>\n<td><span style=\"color: #000000;\"><em>\u00abImplementation of AI techniques for the inversion of the Stokes parameters&#8230;\u00bb<\/em><\/span><\/td>\n<\/tr>\n<tr>\n<td><span style=\"color: #000000;\">Pregrado<\/span><\/td>\n<td><span style=\"color: #000000;\"><strong>Marcela Echeverri Gallego<\/strong><\/span><\/td>\n<td><span style=\"color: #000000;\">Universidad de Antioquia<\/span><\/td>\n<td><span style=\"color: #000000;\"><em>\u00abALMA Mapping of Molecular Gas and Dust in the Post-AGB Star&#8230;\u00bb<\/em><\/span><\/td>\n<\/tr>\n<\/tbody>\n<\/table>\n<\/figure>\n<p><span style=\"color: #000000;\"><!-- \/wp:table --><!-- wp:heading {\"level\":4} --><\/span><\/p>\n<h3 data-path-to-node=\"13\"><span style=\"color: #000000;\">M\u00e9ritos Destacados<\/span><\/h3>\n<ul data-path-to-node=\"14\">\n<li>\n<p id=\"p-rc_e9d7dcd443995485-134\" data-path-to-node=\"14,0,1\"><span style=\"color: #000000;\"><b data-path-to-node=\"14,0,1,0\" data-index-in-node=\"0\"><span class=\"citation-186\">Categor\u00eda Doctorado:<\/span><\/b><span class=\"citation-186\"> Se resalt\u00f3 el uso de metodolog\u00edas innovadoras que integran <\/span><b data-path-to-node=\"14,0,1,0\" data-index-in-node=\"80\"><span class=\"citation-186\">machine learning<\/span><\/b><span class=\"citation-186\"> e inferencia bayesiana para la caracterizaci\u00f3n din\u00e1mica de c\u00famulos abiertos<\/span>.<\/span><\/p>\n<\/li>\n<li>\n<p id=\"p-rc_e9d7dcd443995485-135\" data-path-to-node=\"14,1,1\"><span style=\"color: #000000;\"><b data-path-to-node=\"14,1,1,0\" data-index-in-node=\"0\"><span class=\"citation-185\">Categor\u00eda Maestr\u00eda:<\/span><\/b><span class=\"citation-185\"> Un avance pionero en la integraci\u00f3n de <\/span><b data-path-to-node=\"14,1,1,0\" data-index-in-node=\"59\"><span class=\"citation-185\">inteligencia artificial con f\u00edsica solar<\/span><\/b><span class=\"citation-185\">, logrando procesar datos con una velocidad significativamente mayor a los m\u00e9todos tradicionales<\/span>.<\/span><\/p>\n<\/li>\n<li>\n<p id=\"p-rc_e9d7dcd443995485-136\" data-path-to-node=\"14,2,1\"><span style=\"color: #000000;\"><b data-path-to-node=\"14,2,1,0\" data-index-in-node=\"0\"><span class=\"citation-184\">Categor\u00eda Pregrado:<\/span><\/b><span class=\"citation-184\"> Un trabajo sobresaliente que utiliz\u00f3 datos de <\/span><b data-path-to-node=\"14,2,1,0\" data-index-in-node=\"66\"><span class=\"citation-184\">ALMA<\/span><\/b><span class=\"citation-184\"> para estudiar la morfolog\u00eda bipolar en estrellas post-AGB, demostrando una madurez cient\u00edfica excepcional<\/span>.<\/span><\/p>\n<\/li>\n<\/ul>\n<h3 data-path-to-node=\"15\"><span style=\"color: #000000;\">Balance de la Convocatoria<\/span><\/h3>\n<p id=\"p-rc_e9d7dcd443995485-137\" data-path-to-node=\"16\"><span style=\"color: #000000;\"><span class=\"citation-183\">El evento evidenci\u00f3 el alto nivel de formaci\u00f3n en astronom\u00eda en Colombia, con una notable diversidad tem\u00e1tica y el uso de t\u00e9cnicas computacionales de vanguardia<\/span>.<\/span><\/p>\n<blockquote data-path-to-node=\"17\">\n<p id=\"p-rc_e9d7dcd443995485-138\" data-path-to-node=\"17,0\"><span style=\"color: #000000;\"><span class=\"citation-182\">\u00abAgradecemos a todos los participantes por sus excelentes contribuciones al desarrollo de la disciplina en el pa\u00eds\u00bb<\/span>. <span class=\"citation-181\">\u2014 <\/span><b data-path-to-node=\"17,0,5\" data-index-in-node=\"2\"><span class=\"citation-181\">Jaime Ernesto Forero Romero, PhD<\/span><\/b><span class=\"citation-181\">, Secretario del Premio AstroCO<\/span>.<\/span><\/p>\n<\/blockquote>\n<p data-path-to-node=\"18\"><span style=\"color: #000000;\">\u00a1Felicitaciones a los ganadores por este merecido reconocimiento!<\/span><\/p>\n<p><!-- \/wp:paragraph --><\/p>\t\t\t\t\t\t\t\t<\/div>\n\t\t\t\t<\/div>\n\t\t\t\t\t<\/div>\n\t\t<\/div>\n\t\t\t\t\t<\/div>\n\t\t<\/section>\n\t\t\t\t<\/div>\n\t\t","protected":false},"excerpt":{"rendered":"<p>Primer Edici\u00f3n del Premio AstroCO al Mejor Trabajo Estudiantil 2025 Colombia, 2 de marzo de 2026 \u2014 La Comunidad Colombiana [&hellip;]<\/p>\n","protected":false},"author":1,"featured_media":0,"parent":0,"menu_order":0,"comment_status":"closed","ping_status":"closed","template":"","meta":{"site-sidebar-layout":"default","site-content-layout":"","ast-site-content-layout":"default","site-content-style":"default","site-sidebar-style":"default","ast-global-header-display":"","ast-banner-title-visibility":"","ast-main-header-display":"","ast-hfb-above-header-display":"","ast-hfb-below-header-display":"","ast-hfb-mobile-header-display":"","site-post-title":"","ast-breadcrumbs-content":"","ast-featured-img":"","footer-sml-layout":"","theme-transparent-header-meta":"","adv-header-id-meta":"","stick-header-meta":"","header-above-stick-meta":"","header-main-stick-meta":"","header-below-stick-meta":"","astra-migrate-meta-layouts":"default","ast-page-background-enabled":"default","ast-page-background-meta":{"desktop":{"background-color":"var(--ast-global-color-5)","background-image":"","background-repeat":"repeat","background-position":"center center","background-size":"auto","background-attachment":"scroll","background-type":"","background-media":"","overlay-type":"","overlay-color":"","overlay-opacity":"","overlay-gradient":""},"tablet":{"background-color":"","background-image":"","background-repeat":"repeat","background-position":"center center","background-size":"auto","background-attachment":"scroll","background-type":"","background-media":"","overlay-type":"","overlay-color":"","overlay-opacity":"","overlay-gradient":""},"mobile":{"background-color":"","background-image":"","background-repeat":"repeat","background-position":"center center","background-size":"auto","background-attachment":"scroll","background-type":"","background-media":"","overlay-type":"","overlay-color":"","overlay-opacity":"","overlay-gradient":""}},"ast-content-background-meta":{"desktop":{"background-color":"var(--ast-global-color-4)","background-image":"","background-repeat":"repeat","background-position":"center center","background-size":"auto","background-attachment":"scroll","background-type":"","background-media":"","overlay-type":"","overlay-color":"","overlay-opacity":"","overlay-gradient":""},"tablet":{"background-color":"var(--ast-global-color-4)","background-image":"","background-repeat":"repeat","background-position":"center center","background-size":"auto","background-attachment":"scroll","background-type":"","background-media":"","overlay-type":"","overlay-color":"","overlay-opacity":"","overlay-gradient":""},"mobile":{"background-color":"var(--ast-global-color-4)","background-image":"","background-repeat":"repeat","background-position":"center center","background-size":"auto","background-attachment":"scroll","background-type":"","background-media":"","overlay-type":"","overlay-color":"","overlay-opacity":"","overlay-gradient":""}},"footnotes":""},"class_list":["post-12108","page","type-page","status-publish","hentry"],"_links":{"self":[{"href":"https:\/\/accefyn.com\/microsites\/nodos\/astroco\/wp-json\/wp\/v2\/pages\/12108","targetHints":{"allow":["GET"]}}],"collection":[{"href":"https:\/\/accefyn.com\/microsites\/nodos\/astroco\/wp-json\/wp\/v2\/pages"}],"about":[{"href":"https:\/\/accefyn.com\/microsites\/nodos\/astroco\/wp-json\/wp\/v2\/types\/page"}],"author":[{"embeddable":true,"href":"https:\/\/accefyn.com\/microsites\/nodos\/astroco\/wp-json\/wp\/v2\/users\/1"}],"replies":[{"embeddable":true,"href":"https:\/\/accefyn.com\/microsites\/nodos\/astroco\/wp-json\/wp\/v2\/comments?post=12108"}],"version-history":[{"count":11,"href":"https:\/\/accefyn.com\/microsites\/nodos\/astroco\/wp-json\/wp\/v2\/pages\/12108\/revisions"}],"predecessor-version":[{"id":12128,"href":"https:\/\/accefyn.com\/microsites\/nodos\/astroco\/wp-json\/wp\/v2\/pages\/12108\/revisions\/12128"}],"wp:attachment":[{"href":"https:\/\/accefyn.com\/microsites\/nodos\/astroco\/wp-json\/wp\/v2\/media?parent=12108"}],"curies":[{"name":"wp","href":"https:\/\/api.w.org\/{rel}","templated":true}]}}