{"id":730,"date":"2024-07-31T13:11:04","date_gmt":"2024-07-31T13:11:04","guid":{"rendered":"https:\/\/accefyn.com\/microsites\/capitulos\/caribe\/?page_id=730"},"modified":"2024-08-15T23:47:30","modified_gmt":"2024-08-15T23:47:30","slug":"trabajos-cientificos","status":"publish","type":"page","link":"https:\/\/accefyn.com\/microsites\/capitulos\/caribe\/trabajos-cientificos\/","title":{"rendered":"Trabajos Cient\u00edficos"},"content":{"rendered":"\t\t<div data-elementor-type=\"wp-page\" data-elementor-id=\"730\" class=\"elementor elementor-730\" data-elementor-post-type=\"page\">\n\t\t\t\t<div class=\"elementor-element elementor-element-f2ede47 e-flex e-con-boxed e-con e-parent\" data-id=\"f2ede47\" data-element_type=\"container\">\n\t\t\t\t\t<div class=\"e-con-inner\">\n\t\t\t\t<div class=\"elementor-element elementor-element-bb3826f elementor-widget elementor-widget-spacer\" data-id=\"bb3826f\" data-element_type=\"widget\" data-widget_type=\"spacer.default\">\n\t\t\t\t<div class=\"elementor-widget-container\">\n\t\t\t\t\t\t\t<div class=\"elementor-spacer\">\n\t\t\t<div class=\"elementor-spacer-inner\"><\/div>\n\t\t<\/div>\n\t\t\t\t\t\t<\/div>\n\t\t\t\t<\/div>\n\t\t\t\t<div class=\"elementor-element elementor-element-d7a02c1 elementor-widget elementor-widget-heading\" data-id=\"d7a02c1\" data-element_type=\"widget\" data-widget_type=\"heading.default\">\n\t\t\t\t<div class=\"elementor-widget-container\">\n\t\t\t\t\t<h4 class=\"elementor-heading-title elementor-size-default\">Trabajos Cient\u00edficos<\/h4>\t\t\t\t<\/div>\n\t\t\t\t<\/div>\n\t\t\t\t\t<\/div>\n\t\t\t\t<\/div>\n\t\t<div class=\"elementor-element elementor-element-544b8b1 e-flex e-con-boxed e-con e-parent\" data-id=\"544b8b1\" data-element_type=\"container\">\n\t\t\t\t\t<div class=\"e-con-inner\">\n\t\t\t\t<div class=\"elementor-element elementor-element-f154c16 elementor-widget elementor-widget-spacer\" data-id=\"f154c16\" data-element_type=\"widget\" data-widget_type=\"spacer.default\">\n\t\t\t\t<div class=\"elementor-widget-container\">\n\t\t\t\t\t\t\t<div class=\"elementor-spacer\">\n\t\t\t<div class=\"elementor-spacer-inner\"><\/div>\n\t\t<\/div>\n\t\t\t\t\t\t<\/div>\n\t\t\t\t<\/div>\n\t\t\t\t<div class=\"elementor-element elementor-element-af7dda2 elementor-widget elementor-widget-shortcode\" data-id=\"af7dda2\" data-element_type=\"widget\" data-widget_type=\"shortcode.default\">\n\t\t\t\t<div class=\"elementor-widget-container\">\n\t\t\t\t\t\t\t<div class=\"elementor-shortcode\"><style>.wp-show-posts-columns#wpsp-613 {margin-left: -2em; }.wp-show-posts-columns#wpsp-613 .wp-show-posts-inner {margin: 0 0 2em 2em; }<\/style><section id=\"wpsp-613\" class=\" wp-show-posts-columns wp-show-posts\" style=\"\"><article class=\" wp-show-posts-single post-618 post type-post status-publish format-standard has-post-thumbnail hentry category-publicaciones-miembros wpsp-col-6\" itemtype=\"http:\/\/schema.org\/CreativeWork\" itemscope><div class=\"wp-show-posts-inner\" style=\"\">\t\t\t\t\t\t<header class=\"wp-show-posts-entry-header\">\n\t\t\t\t\t\t\t<h5 class=\"wp-show-posts-entry-title\" itemprop=\"headline\"><a href=\"https:\/\/accefyn.com\/microsites\/capitulos\/caribe\/publicaciones-miembros-hallazgo-historico-bahia-de-cartagena\/\" rel=\"bookmark\">Hallazgo Hist\u00f3rico en la Bah\u00eda de Cartagena: Ruinas bajo e mar del Fuerte San Mat\u00edas y la Escollera de Bocagrande<\/a><\/h5><div class=\"wp-show-posts-entry-meta wp-show-posts-entry-meta-below-title post-meta-inline\"><span class=\"wp-show-posts-posted-on wp-show-posts-meta\">\n\t\t\t\t\t<a href=\"https:\/\/accefyn.com\/microsites\/capitulos\/caribe\/publicaciones-miembros-hallazgo-historico-bahia-de-cartagena\/\" title=\"7:52 pm\" rel=\"bookmark\"><time class=\"wp-show-posts-entry-date published\" datetime=\"2025-02-25T19:52:06+00:00\" itemprop=\"datePublished\">febrero 25, 2025<\/time><time class=\"wp-show-posts-updated\" datetime=\"2025-06-21T01:37:24+00:00\" itemprop=\"dateModified\">junio 21, 2025<\/time><\/a>\n\t\t\t\t<\/span><\/div>\t\t\t\t\t\t<\/header><!-- .entry-header -->\n\t\t\t\t\t\t\t<div class=\"wp-show-posts-image  wpsp-image-center \">\n\t\t\t<a href=\"https:\/\/accefyn.com\/microsites\/capitulos\/caribe\/publicaciones-miembros-hallazgo-historico-bahia-de-cartagena\/\"  title=\"Hallazgo Hist\u00f3rico en la Bah\u00eda de Cartagena: Ruinas bajo e mar del Fuerte San Mat\u00edas y la Escollera de Bocagrande\">\t\t\t\t\t<img decoding=\"async\" src=\"https:\/\/accefyn.com\/microsites\/capitulos\/caribe\/wp-content\/uploads\/2024\/07\/a1-600x200.png\" alt=\"Hallazgo Hist\u00f3rico en la Bah\u00eda de Cartagena: Ruinas bajo e mar del Fuerte San Mat\u00edas y la Escollera de Bocagrande\" itemprop=\"image\" class=\"center\" \/>\n\t\t\t\t<\/a>\t\t<\/div>\n\t\t\t\t\t\t\t\t<div class=\"wp-show-posts-entry-summary\" itemprop=\"text\">\n\t\t\t\t\t\t\t<p>El portal Las2orillas ha publicado recientemente una nota de prensa sobre un importante hallazgo arqueol\u00f3gico submarino en la Bah\u00eda de Cartagena. Este descubrimiento, fruto de una investigaci\u00f3n acad\u00e9mica, ha revelado&#8230;<\/p>\n\t\t\t\t\t\t<\/div><!-- .entry-summary -->\n\t\t\t\t\t<div class=\"wpsp-read-more\"><a title=\"Hallazgo Hist\u00f3rico en la Bah\u00eda de Cartagena: Ruinas bajo e mar del Fuerte San Mat\u00edas y la Escollera de Bocagrande\" class=\"wp-show-posts-read-more\" href=\"https:\/\/accefyn.com\/microsites\/capitulos\/caribe\/publicaciones-miembros-hallazgo-historico-bahia-de-cartagena\/\">Leer m\u00e1s<\/a><\/div><\/div><!-- wp-show-posts-inner --><\/article><div class=\"wpsp-clear\"><\/div><\/section><!-- .wp-show-posts --><\/div>\n\t\t\t\t\t\t<\/div>\n\t\t\t\t<\/div>\n\t\t\t\t\t<\/div>\n\t\t\t\t<\/div>\n\t\t\t\t<\/div>\n\t\t","protected":false},"excerpt":{"rendered":"<p>Trabajos Cient\u00edficos<\/p>\n","protected":false},"author":7,"featured_media":0,"parent":0,"menu_order":0,"comment_status":"closed","ping_status":"closed","template":"elementor_canvas","meta":{"footnotes":""},"class_list":["post-730","page","type-page","status-publish","hentry"],"_links":{"self":[{"href":"https:\/\/accefyn.com\/microsites\/capitulos\/caribe\/wp-json\/wp\/v2\/pages\/730","targetHints":{"allow":["GET"]}}],"collection":[{"href":"https:\/\/accefyn.com\/microsites\/capitulos\/caribe\/wp-json\/wp\/v2\/pages"}],"about":[{"href":"https:\/\/accefyn.com\/microsites\/capitulos\/caribe\/wp-json\/wp\/v2\/types\/page"}],"author":[{"embeddable":true,"href":"https:\/\/accefyn.com\/microsites\/capitulos\/caribe\/wp-json\/wp\/v2\/users\/7"}],"replies":[{"embeddable":true,"href":"https:\/\/accefyn.com\/microsites\/capitulos\/caribe\/wp-json\/wp\/v2\/comments?post=730"}],"version-history":[{"count":23,"href":"https:\/\/accefyn.com\/microsites\/capitulos\/caribe\/wp-json\/wp\/v2\/pages\/730\/revisions"}],"predecessor-version":[{"id":911,"href":"https:\/\/accefyn.com\/microsites\/capitulos\/caribe\/wp-json\/wp\/v2\/pages\/730\/revisions\/911"}],"wp:attachment":[{"href":"https:\/\/accefyn.com\/microsites\/capitulos\/caribe\/wp-json\/wp\/v2\/media?parent=730"}],"curies":[{"name":"wp","href":"https:\/\/api.w.org\/{rel}","templated":true}]}}